f 539?
True
Does 5 divide 1083665?
True
Is 101 a factor of 3323405?
True
Is 47 a factor of 108072?
False
Does 9 divide 312543?
True
Is 743600 a multiple of 65?
True
Does 10 divide 63009?
False
Is 268905 a multiple of 195?
True
Is 163 a factor of 39935?
True
Is 9528 a multiple of 12?
True
Does 19 divide 24073?
True
Does 9 divide 21730?
False
Does 1196 divide 589319?
False
Is 589329 a multiple of 117?
True
Does 191 divide 80793?
True
Is 3211136 a multiple of 64?
True
Is 2 a factor of 54966?
True
Is 306 a factor of 437580?
True
Does 9 divide 2038089?
False
Is 3289946 a multiple of 922?
False
Does 2 divide 24425?
False
Is 115 a factor of 175950?
True
Does 157 divide 1750108?
False
Is 128 a factor of 8128512?
True
Is 546 a factor of 1237236?
True
Is 124 a factor of 215233?
False
Does 1438 divide 3066157?
False
Is 873330 a multiple of 42?
False
Is 157995 a multiple of 229?
False
Is 82 a factor of 62237?
False
Does 104 divide 19751472?
True
Is 2194550 a multiple of 762?
False
Is 104 a factor of 107565?
False
Does 182 divide 141297?
False
Is 1200186 a multiple of 207?
True
Is 256 a factor of 4770048?
True
Is 38 a factor of 2422365?
False
Is 1452897 a multiple of 329?
False
Does 9 divide 15570?
True
Is 12963 a multiple of 11?
False
Is 143 a factor of 9353916?
True
Is 17 a factor of 264945?
True
Is 332508 a multiple of 12?
True
Is 586902 a multiple of 58?
True
Is 908448 a multiple of 12?
True
Does 186 divide 55056?
True
Does 726 divide 856322?
False
Does 5 divide 1061228?
False
Is 3425140 a multiple of 20?
True
Is 124 a factor of 221100?
False
Is 547722 a multiple of 63?
True
Is 15 a factor of 132966?
False
Does 12 divide 47400?
True
Does 593 divide 766749?
True
Is 9 a factor of 768663?
True
Does 571 divide 13179822?
True
Is 346752 a multiple of 72?
True
Is 40 a factor of 575120?
True
Is 161 a factor of 1070454?
False
Is 20 a factor of 331900?
True
Does 59 divide 1501432?
True
Does 123 divide 608807?
False
Is 10799 a multiple of 30?
False
Is 1704528 a multiple of 178?
True
Is 1197966 a multiple of 22?
True
Does 16 divide 41905?
False
Does 25 divide 171601?
False
Is 263 a factor of 2024048?
True
Is 945986 a multiple of 64?
False
Does 207 divide 192904?
False
Is 148 a factor of 293641?
False
Is 383041 a multiple of 677?
False
Is 650 a factor of 6334419?
False
Does 318 divide 372378?
True
Is 16 a factor of 290048?
True
Is 14 a factor of 56215?
False
Is 317168 a multiple of 172?
True
Is 2168999 a multiple of 520?
False
Is 4397691 a multiple of 148?
False
Does 17 divide 150819?
False
Is 2530692 a multiple of 18?
True
Is 34988 a multiple of 41?
False
Does 123 divide 13483244?
False
Is 29000 a multiple of 523?
False
Is 373974 a multiple of 74?
False
Is 41 a factor of 91808?
False
Is 19 a factor of 2073280?
True
Is 242168 a multiple of 5?
False
Does 31 divide 586148?
True
Is 6 a factor of 3384486?
True
Is 565312 a multiple of 11?
True
Is 28 a factor of 398902?
False
Does 174 divide 2965482?
True
Is 309736 a multiple of 28?
True
Is 107 a factor of 538351?
False
Does 105 divide 455595?
True
Does 49 divide 9670?
False
Is 10459932 a multiple of 2468?
False
Is 6 a factor of 9274?
False
Is 676147 a multiple of 318?
False
Does 108 divide 4414068?
True
Does 2021 divide 22049110?
True
Does 24 divide 1487736?
True
Is 31 a factor of 168086?
False
Does 43 divide 1474611?
False
Does 19 divide 188252?
True
Is 783263 a multiple of 326?
False
Is 15702588 a multiple of 57?
True
Is 288600 a multiple of 13?
True
Is 87084 a multiple of 59?
True
Is 88 a factor of 602304?
False
Does 30 divide 823604?
False
Does 354 divide 315414?
True
Does 920 divide 7466720?
True
Is 10167642 a multiple of 63?
False
Does 52 divide 11323?
False
Is 53700 a multiple of 150?
True
Is 48 a factor of 21165120?
True
Does 37 divide 1102452?
True
Is 1544 a factor of 1690680?
True
Is 98 a factor of 624637?
False
Does 191 divide 4416875?
True
Does 82 divide 7695372?
True
Is 120 a factor of 260880?
True
Does 15 divide 446280?
True
Is 3806657 a multiple of 184?
False
Is 94 a factor of 447064?
True
Is 22 a factor of 1309201?
False
Is 9629877 a multiple of 55?
False
Is 65663 a multiple of 22?
False
Is 665 a factor of 12320851?
False
Does 2338 divide 3926323?
False
Is 453728 a multiple of 4?
True
Is 16 a factor of 4311664?
True
Is 1771660 a multiple of 10?
True
Does 200 divide 890200?
True
Is 7680098 a multiple of 339?
False
Does 16 divide 754974?
False
Does 13 divide 58026?
False
Is 694 a factor of 836964?
True
Is 1184456 a multiple of 9?
False
Is 540730 a multiple of 115?
True
Is 23 a factor of 600806?
True
Does 63 divide 878056?
False
Does 18 divide 257352?
False
Is 252356 a multiple of 52?
True
Is 7 a factor of 17189?
False
Is 14 a factor of 190145?
False
Does 2 divide 27948?
True
Does 28 divide 88676?
True
Is 4813589 a multiple of 37?
True
Is 1837460 a multiple of 11?
False
Does 70 divide 2369010?
True
Is 1152506 a multiple of 373?
False
Does 44 divide 338008?
True
Is 338776 a multiple of 47?
True
Is 496 a factor of 7332077?
False
Is 11 a factor of 2618820?
False
Is 50 a factor of 8425500?
True
Is 7 a factor of 638793?
False
Is 49 a factor of 108143?
True
Is 17 a factor of 554608?
True
Is 63 a factor of 7028973?
True
Does 48 divide 3179952?
True
Is 728902 a multiple of 300?
False
Is 8 a factor of 938255?
False
Is 12 a factor of 21420?
True
Is 271 a factor of 1885769?
False
Is 32 a factor of 362967?
False
Is 196 a factor of 37044?
True
Does 15 divide 607999?
False
Does 267 divide 86323?
False
Does 12 divide 164669?
False
Is 16 a factor of 314756?
False
Does 84 divide 1636572?
True
Is 13 a factor of 2367164?
False
Does 221 divide 136888?
False
Is 293484 a multiple of 3?
True
Is 521586 a multiple of 117?
True
Is 18 a factor of 90?
True
Is 3467499 a multiple of 15?
False
Does 94 divide 106126?
True
Does 58 divide 107358?
True
Does 15 divide 101446?
False
Does 36 divide 325332?
True
Is 180858 a multiple of 86?
True
Is 1502838 a multiple of 58?
True
Does 301 divide 10274334?
True
Is 180 a factor of 506260?
False
Is 170760 a multiple of 6?
True
Is 28 a factor of 8510622?
False
Is 2 a factor of 7032?
True
Is 15180 even?
True
Does 683 divide 1420035?
False
Does 23 divide 59953?
False
Does 7 divide 28431?
False
Does 15 divide 47625?
True
Is 6 a factor of 72?
True
Does 63 divide 3928307?
False
Is 17 a factor of 103649?
True
Is 46 a factor of 209447?
False
Is 1758211 a multiple of 7?
True
Does 26 divide 382273?
False
Is 539 a factor of 187572?
True
Is 24 a factor of 74954?
False
Is 38 a factor of 314507?
False
Does 1237 divide 680731?
False
Is 10 a factor of 104119?
False
Does 95 divide 2894841?
False
Is 11 a factor of 1638302?
False
Is 475702 a multiple of 4?
False
Is 45792 a multiple of 27?
True
Is 200243 a multiple of 7?
False
Is 324 a factor of 9541716?
False
Does 180 divide 126526?
False
Does 103 divide 6280032?
False
Is 596 a factor of 28230?
False
Is 99944 a multiple of 7?
False
Is 26 a factor of 1443468?
True
Does 74 divide 68344?
False
Is 173820 a multiple of 20?
True
Does 25 divide 68172?
False
Is 203398 a multiple of 26?
True
Is 20 a factor of 4003502?
False
Is 303 a factor of 315703?
False
Is 14902866 a multiple of 15?
False
Is 2844012 a multiple of 59?
False
Is 1275770 a multiple of 10?
True
Is 29 a factor of 351944?
True
Is 1455 a factor of 2040036?
False
Is 11 a factor of 5111498?
False
Is 667 a factor of 2107720?
True
Is 1910134 a multiple of 233?
True
Does 17 divide 3592032?
True
Is 38 a factor of 2014?
True
Is 14 a factor of 85215?
False
Does 479 divide 5343396?
False
Is 1765948 a multiple of 298?
True
Is 90 a factor of 1124190?
True
Does 3 divide 36293?
False
Is 72722 a multiple of 13?
True
Is 191 a factor of 53366?
False
Does 2 divide 785307?
False
Is 17191 a multiple of 13?
False
Is 92 a factor of 972847?
False
Does 7 divide 400231?
False
Is 342 a factor of 1123952?
False
Does 407 divide 1723253?
False
Is 293883 a multiple of 65?
False
Is 485088 a multiple of 16?
True
Is 97 a factor of 27257?
True
Does 21 divide 385640?
False
Is 442 a factor of 648856?
True
Is 15 a factor of 961470?
True
Does 54 divide 407430?
True
Is 744370 a multiple of 335?
True
Is 463512 a multiple of 178?
True
Is 11284 a multiple of 4?
True
Does 280 divide 450183?
False
Is 53 a factor of 134620?
True
Does 2262 divide 3388080?